-4)/18 - (-83402)/198?
4
Let l(d) = 2*d - 3. Let k be l(5). Suppose -5*v + k = 82. What is the units digit of 4 - (-3 + 2 + v)?
0
Suppose 5*z + 460 = 5*o, -5*z - 157 = -4*o + 214. Let d = o - -102. What is the tens digit of d?
9
Let c = 612 - 410. Suppose i - 1172 = c. What is the units digit of i/36 - (-1)/(-6)?
8
Let q(b) = 7*b**3 - 7*b**2 + 15*b - 2. Let m(y) = 13*y**3 - 14*y**2 + 29*y - 4. Let s(j) = 6*m(j) - 11*q(j). What is the tens digit of s(6)?
1
Suppose -5*o = 2*g - 9, g - 6 = 3*o - 6*o. Suppose 0 = -o*x - 6, 46 = s - 0*s + x. What is the tens digit of s?
4
Let w(s) = s**3 + 5*s**2 - 9*s - 6. Let o be w(-6). Suppose -o*r + 10*r = -14. What is the units digit of r?
7
Let v = -125 + 51. Let y = 84 + v. What is the tens digit of y?
1
Suppose 5*b = -w + 19, -w - 4*w = b + 1. What is the tens digit of 4/(-22) - (2138/22)/w?
9
Suppose k - 4*l - 128 = -k, 4*k = -4*l + 208. Suppose q = 2*q + k. What is the tens digit of 3/((-1)/q*6)?
2
Suppose -3 = 10*p - 11*p. Suppose -5*f + 304 = p*f. What is the tens digit of f?
3
Let a be (-33)/(-4) - 1/4. Let r(b) = b + 1. Let c be r(-5). What is the tens digit of c/(-3*a/132)?
2
Let b(s) = -s**2 + 4*s - 14. Let w be b(6). Let a = w + 154. What is the tens digit of a?
2
Let u = -4759 - -7137. What is the thousands digit of u?
2
Suppose 7*c - 64 = 3*c. Let o(k) = -2*k**2 - k + 6. Let w be o(-2). Suppose -c = -y - w*y. What is the tens digit of y?
1
Let l be (-72)/(-32) + -1 + 6/8. Suppose l*t = -5*p + 78 + 46, 0 = -3*p + 2*t + 84. What is the tens digit of p?
2
Let n = -780 - -1297. What is the units digit of n?
7
Let l = 43 + -49. What is the tens digit of 33 + l + 2 + 2?
3
Let t(r) = 2 - 5 + 47*r - 3 - 51*r. What is the units digit of t(-2)?
2
Let f = -1746 - -2716. What is the hundreds digit of f?
9
Let g = -43 - 116. Let f = -82 - g. What is the tens digit of f?
7
Let q = -1347 + 3215. What is the hundreds digit of q?
8
Suppose 0 = g + 3*l - 278, -3*l - 301 = 3*g - 1135. What is the hundreds digit of g?
2
Let f(g) = -4*g - 4. Let a be f(-2). Suppose 2*t = m + 13, -2*m - a = -3*t + 18. Suppose t*v = v + 18. What is the units digit of v?
6
Let o be 4/18 - ((-553)/(-9))/(-7). Suppose o*x - 580 = -x. What is the tens digit of x?
5
Let p(z) = z**2 - z + 21. Let v(g) = g - 1. Suppose -h = -6*h + 5. Let k be v(h). What is the units digit of p(k)?
1
Let p(b) be the third derivative of b**6/120 - 7*b**5/60 + 7*b**4/24 - b**3 + b**2. Let x be p(6). Suppose 114 = -x*l + 3*l. What is the units digit of l?
8
Let i(o) = 97*o + 14. What is the hundreds digit of i(7)?
6
Let h = -43 + 99. Suppose -5*j - h = -461. What is the tens digit of j?
8
What is the thousands digit of ((-4)/((-16)/(-606)))/((-237)/4424)?
2
Let i(h) = h**2 - 3*h - 13. Let j be i(16). Suppose 2*x + 2*x = o - j, -o + 3*x = -190. What is the hundreds digit of o?
1
Suppose 134 - 8 = 3*t. Let m = t + -70. Let s = m + 58. What is the units digit of s?
0
What is the hundreds digit of (-76200)/(-160) + (-7)/(-4)?
4
Let o be (-10)/(-35) - 38/(-14). Let a = -4 - o. Let n = 11 + a. What is the units digit of n?
4
Let r(c) = c + 20. Let m be r(-18). What is the units digit of (m/2)/(2/422)?
1
Let m = 84 - 77. Suppose -m*y - 12 = -11*y. What is the units digit of y?
3
Let k(g) = -3*g - 16. Let i be k(-3). What is the tens digit of (-1284)/(-9) + i/(-21)?
4
Let f(k) = -k**2 - 19*k - 6. Let g be f(-18). Let y = -10 + g. Suppose -y*u + 5*u - 108 = 0. What is the tens digit of u?
3
Let w(r) = 4*r**2 - 20*r + 27. Let m be w(14). Suppose a + h = 4*a - m, h = 0. What is the tens digit of a?
7
Let t(j) = -j**3 + 64*j**2 - 2*j - 17. What is the units digit of t(8)?
1
Suppose 3*q = -0*q + 6. Let i(v) = -5 + 2*v + q + 6 + 0*v + 6*v**2. What is the tens digit of i(-2)?
2
Let u(c) = c**3 - 11*c**2 + 12. Let x be u(11). Suppose 7*n + 155 = x*n. What is the tens digit of n?
3
Let m(k) = 24*k + 15. What is the units digit of m(20)?
5
Suppose 14*n = 17*n - 45. Suppose -3*w + 3*f = 2*f - n, 0 = f. What is the units digit of (6/w)/((-26)/(-65))?
3
Suppose -104*x = -106*x + 1320. What is the hundreds digit of x?
6
Let k(m) = 3*m**2 + 17*m + 4*m + 11 - 20*m. What is the units digit of k(7)?
5
Let a = 2 + 21. What is the tens digit of 0 + -1 + (a - 0)?
2
Let h be (-282)/42 + 2/(-7). Let i be 126/10 + (-22)/(-55). Let s = h + i. What is the units digit of s?
6
Let k(a) = a**3 + 7*a**2 + a - 7. Let d be k(-6). Let l = d - -34. Suppose r = -2*f + l, 5*f - 3*f + 8 = 0. What is the units digit of r?
5
Let b = 8165 + -4477. What is the units digit of b?
8
Let q = -4 - -8. Suppose -2*d - 67 + 235 = -5*u, -q*d - 4*u = -308. What is the tens digit of d?
7
What is the units digit of (-15816)/(-30) + 6/(-5) + 1?
7
Let b = -80 + 88. What is the hundreds digit of 335*(b/(-5))/(-4)?
1
Suppose 51*n = 34*n + 3621. What is the hundreds digit of n?
2
Let k = 730 - 286. What is the units digit of k/8 - (-3)/(-2)?
4
Let l(d) = 51*d**3 - 7*d**2 + 7*d + 1. What is the tens digit of l(3)?
3
Suppose -2 = 9*y - 2. Let l(r) = -r**2 + r + 86. What is the tens digit of l(y)?
8
Suppose 7022 + 1834 = 6*f. What is the units digit of f?
6
What is the hundreds digit of (-1)/14 - (-114746)/28?
0
Let g be (-2)/(-1 - 5/(-15)). Let z(j) = -8 - 50*j**g + 51*j**3 + 1 + 3*j**2 - 5*j. What is the units digit of z(-3)?
8
Let p be -1 + 212 + (-17 - -13). Let g = -132 + p. What is the units digit of g?
5
Let i(t) = -3*t - 12. Let w be i(-10). Let a = -14 + w. Suppose -l + h = -39, -h + 5*h = a. What is the units digit of l?
0
What is the hundreds digit of ((-13863)/(-21) - 2) + (-11)/77?
6
Suppose -367 = -2*z - 4*a + 633, -2456 = -5*z + a. What is the units digit of z?
2
Let n(s) be the third derivative of -19*s**4/24 + s**3 + 5*s**2. What is the units digit of n(-2)?
4
Let b(j) = -j**2 - 10*j + 28. Let q be b(-12). Suppose -2*d + 86 - 24 = -2*z, -d = q*z - 16. Suppose -29*s + d*s + 49 = 0. What is the units digit of s?
9
Suppose -5*c = 11*c + 3728. Let v = -72 - c. What is the hundreds digit of v?
1
Suppose 0 = 4*c - 4*g - 712, -99 - 247 = -2*c + 4*g. Suppose c = 4*q - q. What is the units digit of q?
1
Let b(o) = o**3 + 5*o**2 + o + 4. Suppose -2*p + 4*n - 24 = 0, -4 = -5*p + 3*p - 3*n. Let m be b(p). Let q = -2 + m. What is the units digit of q?
4
Suppose 100 = 9*m - 35. What is the tens digit of 699/m + 2/10*-3?
4
Suppose -74*z + 63*z = -7117. What is the hundreds digit of z?
6
Let i be (-12)/(-42) + 40/7. Let u = 8 - i. Suppose o - 4*x = -3*x + 20, -u*o + 40 = -4*x. What is the tens digit of o?
2
Suppose 0 = 3*n - 6*n - 330. Let a = -34 - n. Let f = -45 + a. What is the tens digit of f?
3
What is the units digit of (-206)/(-1) + (-10)/5?
4
Suppose -4*a + 46 = -14. Let o = a + 50. What is the units digit of o?
5
Let a = 177 + 168. What is the hundreds digit of a?
3
What is the units digit of 20/(-12) - 32354/(-21)?
9
Let p(d) = -d**2 + 3*d - 2. Let v be p(5). What is the units digit of v/(20/(-70) - (-6)/28)?
8
Suppose -4*u + 10562 = 5*w - 2*u, -3*w = 4*u - 6340. What is the units digit of w?
2
Let m = -3 - -5. Suppose 4*h - 54 = -m*a - 0*h, h + 113 = 5*a. What is the tens digit of a?
2
Let l(i) = i**2 - 11*i - 7. Suppose 0 = 5*y - 6*y + 10. Let o be l(y). Let p(w) = -w - 12. What is the units digit of p(o)?
5
Let h(a) = -14*a + 34. Let r(f) = 4*f - 12. Let w(j) = 3*h(j) + 8*r(j). Let p be -1*(-14)/8*-4. What is the units digit of w(p)?
6
Let o = 15 + 39. Suppose -o = -6*i + 6. What is the units digit of i?
0
Let y be ((-24)/20)/((-6)/40). Suppose 6*o + y - 62 = 0. What is the units digit of o?
9
Let p(h) = 17*h**2 + h + 8. Let g be p(-3). Let s = g - 27. What is the tens digit of s?
3
Let f(s) = -s**3 - 5*s**2 - 3*s + 8. Let q be f(-4). Suppose 3*d + 95 = t, 4*d - 3*d + 369 = q*t. Let u = t + -51. What is the units digit of u?
1
Suppose b + t - 13 = 0, -2*b + 4*b + 3*t = 31. Let c = b + -6. Let l(v) = -v + 4. What is the units digit of l(c)?
2
Suppose 88*o - 8988 = 76*o. What is the tens digit of o?
4
Suppose 0 = 4*g + g - 5. Let s = 1 - g. Let z = s + 8. What is the units digit of z?
8
Let s(g) = 2*g - 4. Let w be s(3). Let i be (-540)/(-130) + w/(-13). Let x = 6 + i. What is the tens digit of x?
1
Let o be 5/(-20) + 243/(-4). Let l be (222/(-24))/(2/8). Let b = l - o. What is the tens digit of b?
2
Suppose 81*l